4 + 40 + (84 - 2) + 13 + 12
103
Evaluate 48 + (-52 - -33) - (11 + 1) - 7.
10
-54 + 77 - 20 - 0
3
Evaluate -87 + 25 - (76 + -94).
-44
What is the value of -1 + ((6 - 5) + (63 - 58) - (3 - 4))?
6
What is -15 - (-17 + 29 - (4 + -12))?
-35
-14 + 17 - (-11 - (15 - 23 - 0))
6
What is 71 + (-107 - (-41 - -37))?
-32
Calculate -10 + 74 + -30 + -4.
30
What is the value of 9 + 1 + -1 + -2 - (-18543 + 18524)?
26
9 + 0 - (51 + (-17 - (14 + 15)))
4
Evaluate 15 + 0 + 6 - (-96 - -189).
-72
Calculate -2 + 13 + (-1 - ((-8 - 2) + 17)) + -55.
-52
What is the value of 35 + -19 - 12 - (-17 + 5 - -32)?
-16
Calculate (-44 - (-33 - -53)) + 51.
-13
Evaluate (29 - -1) + -83 - -91.
38
What is the value of 16 - -7 - -17 - 19 - (2 + -11)?
30
Evaluate 4 + -9 + 12 + 1 + 12 - -1.
21
Evaluate 23 - (-3 + -24 + -27 + 56).
21
What is (-5 + 24 - 42) + (5 - 6) + 3?
-21
Calculate (93 + -157 - -88) + 27 + 0.
51
What is the value of -33 - (2240 + -2220 + 2 + 3 + -21)?
-37
-58 + (-2 - -13) + 16 + 0 + -197 + 175
-53
What is the value of 8 - (29 + -33 - (-8 + 14))?
18
What is the value of -32 - 0 - (-1081 - -1052)?
-3
-7 + 46 + (-9 - 37) + (1 - -12) - -7
13
-802 + 821 - (-2 - -4)
17
Calculate (93 + -74 + -11 - (23 + 0)) + -33.
-48
What is the value of 21 + -2 + (-33 - (-74 + 59))?
1
What is (0 - (3 - -9)) + 39 + -12 + -76?
-61
What is the value of -25 + (-11 - 4) + -23?
-63
What is 68 - ((4 - 10) + -6 - (-30 + 9 + 9))?
68
Evaluate 5 + 9 + (123 - 84 - 2).
51
What is the value of 134 - (56 - (-84 - -95))?
89
Evaluate 25 - (-78 + -19 - -85).
37
What is (10 - ((-1 - 2) + (84 - 82))) + -5 - 55?
-49
Evaluate -4 + (20 - 21) + 19 + -13 + -67.
-66
Calculate -148 + (33 - -10) + -74 + 66.
-113
Calculate -27 + (21 - 12) - (-5 - -3) - (45 + -2).
-59
What is 1 + (0 - 14) + (567 - 397 - (2 - -54))?
101
Evaluate (-16 - 1) + 39 + -64 + -12 - (0 + -2).
-52
Evaluate -5 + (-37 - -5 - -56).
19
-16 - -42 - -50 - (2 - 2 - -12)
64
(-3 - (13 - 27)) + -10 + -8
-7
Evaluate -17 + 6 - (-4 + 13 + 9 + 4).
-33
Calculate 26 - -40 - (14 - (13 - (-9 - -22))).
52
20 + (29 - 2 - (148 + -96))
-5
What is the value of 84 - (23 + -4 - (-1 - -12) - 16)?
92
(30 - 71) + -6 - -70
23
Evaluate 1 + -46 - (12 + (-3 - -9) + -10 - 7).
-46
What is (4 - -7 - (-7 + -13)) + -109?
-78
What is the value of -65 + 17 + -4 + (15 - (40 + -16)) + 9?
-52
Calculate 22 - 8 - (0 + 21) - (-9 + 1) - -44.
45
Evaluate (41 - 9) + -4 - (12 - 8 - (-8 + 2)).
18
Calculate 5 + 21 - 53 - -16 - -2.
-9
What is the value of (-46 - (-30 - 41)) + -21?
4
Calculate -158 + (48 - (4 - (-8 - 13))).
-135
What is the value of 25 + 4 + (5 - -5) + 0 + -10?
29
What is the value of (43 + -8 + -15 - (0 + 18)) + -55 + -2?
-55
Calculate -109 - (-4 + -2 + 303 + -307).
-99
Calculate 6 - ((-42 - (-40 + 27)) + 13 + -2).
24
What is -16 + 31 + (1354 - 1423)?
-54
-10 + -56 + -45 + 140
29
What is (4 + 0 - 55) + 579 + -547?
-19
Calculate 14 - (320 + -321 + (2 - (2 + 12))).
27
Calculate 348 + -361 - (13 - -33).
-59
Evaluate 11 + (40 + 18 + -18 - (0 - -5)) + 1.
47
Calculate -20 + 18 + -25 + 1 + (-4 - -2).
-28
(-52 - -59) + 5 + -43 + -7
-38
(-8 - -12 - (-11 + -11)) + -14
12
What is -5 - (24 + (20 - (-28 - -24)) + -194)?
141
Evaluate 37255 + -37101 + -1 + -24.
129
(-5 - 2 - 2) + (19 + -112 - -95)
-7
What is the value of (8 - (-20 - (20 + -96))) + (4 - (-1 - -8))?
-51
-128 - (-300 - (-78 + 15))
109
What is 33 + (-244 - (-85 + -31))?
-95
What is the value of -78 - 11 - (-23 + -104)?
38
What is the value of (315 - 340) + (-7 - -91)?
59
Calculate 41 + 2 + -2 - ((-26 - (-38 - -46)) + 28).
47
Calculate -1044 + 1067 + (10 - 0).
33
22 - (-28 + (45 - 24) + 0)
29
What is the value of (14 - (7 + (9 - 11)) - -12) + 4?
25
What is the value of -1 + (129 + -86 + (10 - 0) - -4)?
56
Calculate 15 - 1 - (51 - 42) - 22.
-17
Evaluate -24 + -28 + -46 + 13 + (-1 - -2 - 3).
-87
Evaluate 92 + -63 - (126 - (9 + 1)).
-87
Evaluate (5 - 1) + (-8 - ((13 - 1) + -27)).
11
Calculate -27 + -1 - (-999 + 944).
27
Calculate (86 - (34 + 31)) + -40.
-19
What is (-1 - 50) + 3 + 2 + (10 - (-4 + 25))?
-57
-6 + -78 + (-7 - 76 - -65)
-102
Calculate -12 - (16 + (-49 - 2)) - 21.
2
What is the value of 161 + -76 - (-7 + 83)?
9
Calculate -5 + (-1 + 10 + 3 - 84).
-77
Evaluate (-41 + 2 - 0 - 3) + 11418 + -11413.
-37
What is 116 + 22 + -122 + 84?
100
What is -53 - (14 + -78 + (44 - 11))?
-22
Evaluate 1 + 29 - ((377 - 178) + -175).
6
Calculate (-4 - ((9 - -2) + 4)) + (-3 - 8).
-30
What is (3 - 46) + -26 + 62?
-7
Calculate (-18 - 16) + 38 + -27.
-23
Calculate -3 + 72 + -38 + 32 + -12.
51
Evaluate -8 + 49 + (-13 - (-6 + 0 - (14 + -15))).
33
What is the value of 10 - (-18 - (23 - -4) - -30)?
25
16 + -83 + -45 - -147
35
What is the value of -2339 - -2293 - (-1 + -1 + (-1 - 5))?
-38
Evaluate 82 - (-52 + 81 - -3).
50
Calculate (-330 - -338) + (-3 - -3) + 103 + (32 - 17).
126
Evaluate 19 + -15 - -21 - 51 - -17 - (4 + -1).
-12
Calculate (34 - (7 - 19)) + -12.
34
2 + 27 + -31 + 12 - (-2 - 1)
13
Calculate 30 - ((-8 - 5) + (-100 - -131)).
12
What is the value of -51 - (40 - 134) - 23?
20
Evaluate -13 + (-27 - -34) + 35.
29
Calculate -1009 + 997 + (48 - -1 - -1 - 3).
35
What is -2 + -7 + 1 - (39 + -42 + (-19 - -7))?
7
What is -614 - -717 - (182 - 2)?
-77
(-16 - -7) + 3 + -5 + 23 + 16
28
Evaluate 32 - -7 - (12 + 3).
24
Calculate (12 - 63) + 17 + 60 - 39.
-13
Calculate 35 + (42 - (-49 + 111)).
15
What is the value of 2 + 41 - (184 + -154 - 31)?
44
What is the value of -10 - (7 - 0 - (37 - 40) - 6)?
-14
Evaluate -36 - (-73 + -7 + 10 - 21).
55
14 - 75 - (-3 - (7 - (1 - 1)))
-51
What is -89 - (-4 - -2 - -1) - (-155 - (16 + -161))?
-78
What is the value of (11 + 0 + (1 - 1) - (-11550 - -11563)) + 62?
60
Evaluate (32 - 104) + 20 + 7.
-45
What is (-2 - -67) + (378 - 465)?
-22
What is the value of -7 - (2 + (-2 - 68) + (-2 - 5) + 15)?
53
What is the value of (58 - 63 - -84) + -9?
70
What is -3 + 10 - (-3 + 1) - (-13 - (-12 - -22))?
32
3 + -1 + (-489 + 528 - (1 + -6)) - 5
41
Evaluate (-287 - -247) + (-21 + 10 - 61).
-112
What is the value of (-51 - 0 - -44) + (5 - (3 - 0))?
-5
18 - (4 - (14 - 3 - -3)) - 6
22
Evaluate (3 - (0 - -2)) + -138 + 147 - -13.
23
1 + -42 + -2819 + 2794
-66
27 - 84 - -19 - -17
-21
What is the value of (2 - 7) + (-7 - 17) + 23 - -4?
-2
Calculate -35 - (-21 - (-24 - (-11 - 9))).
-18
What is the value of 745 - 722 - (-21 - -1 - -3)?
40
(-77 - -15) + -889 + 877
-74
Calculate (-2 - -9) + -23 + (4 - -26) + -35.
-21
(41 - (-22 - -5)) + (5 - 9 - -12 - -2)
68
What is the value of -184 + 167 + (5 - 3) - (0 - -24)?
-39
1 + ((-1 - 0) + 11 - (10741 - 10762))
32
Evaluate -112 + (0 - ((-19 - 8) + 1)).
-86
What is 125 + (44 - (171 + -51))?
49
Calculate 70 - ((-60 - -39) + 70).
21
What is the value of -3 - (80 + -1) - (192 - 211)?
-63
Calculate (-1 + -32 - -1) + 87 + -237 + 162.
-20
What is the value of (57 - (47 - 45)) + 26?
81
Calculate -9 - 1 - (3 + -1 + (-111 - -117 - 57)).
39
What is -3 + -94 - (-463 + 397)?
-31
Evaluate (-11 - (-85 - -66)) + -46.
-38
Evaluate 1137 - 1077 - (-2 - -15).
47
Calculate -46 - (0 - (18 - (-11 + 11))).
-28
(1 - 2) + 12 - (-205 - 68 - -290)
-6
What is (-1 - 2) + -8 + 23 + (-3 - 13)?
-4
-63 - 49 - -57 - -8
-47
What is the value of -31 - (-152 - -28) - (-32 - -3)?
122
Calculate 3 - 115 - (3035 + -3278).
131
What is 90 - (115 + (-49 - -54))?
-30
Evaluate 5 - -7 - (-80 + 28).
64
Evaluate (-63 - 6) + (0 - (11 + 5 + -10)).
-75
Evaluate (22 - -9) + (32 - -6) + -30 + (4 - 1).
42
What is the value of 61 - (-8 - -8 - 25 - -39)?
47
What is -1 + -47 + (0 + (-11 - 4) - -15)?
-48
Evaluate -144 - (-34 + -8 - (120 - 135)).
-117
What is (-14 - (11 - (24 - -4))) + -32?
-29
Calculate (-3 + -1 - 1) + (1033 - 985).
43
Calculate -48 - (-33 + (-13 - 45)).
43
Calculate 58 + (61 + -81 - -20).
58
Evaluate 69 + 8 - 95 - (1 + 4).
-23
-91 - 19 - -159 - (1 - 20)
68
What is the value of 272 - 265 - (-4 - (-4 + -17))?
-10
What is the value of -18 - -32 - (1 - 1) - (19 + -23)?
18
What is the value of -1154 - -1175 - (0 - -19)?
2
59 + (2 - 4) + -27 + 22 + 1 + 2
55
Evaluate 6 - (0 - (-24 - (12 + -6 - -3))).
-27
Calculate 48 + -48 - ((-14 - -5) + (-1 - -2)).
8
Evaluate 1234 + -1234 - ((3 - (9 + -5)) + 2).
-1
What is the value of (36 - 12) + 9 - 69?
-36
Calculate -4 + -12 + 14 + -6 + 1 + -11.
-18
What is -53 + (-52 - -84) + 1 + 1?
-19
-9 + (8 - (12 + -11 + -5))